er?
True
Suppose -3*o = o - 8. Is 4835/9 + o/(-9) a prime number?
False
Suppose -2*v - 13 = -d - 3, -22 = 4*v - 3*d. Suppose y - 5*j = -1005, 7399 = -5*y - 4*j + 2316. Is (y/10)/(2/v) prime?
False
Let m = -9 - -11. Let i(g) = 3*g. Let x be i(m). Suppose -x*h + 3887 = 977. Is h a prime number?
False
Let y(a) = -154*a**3 + a**2 - 2*a - 2. Suppose -6*w + 4*w - 10 = -4*r, -8 = -4*r. Is y(w) prime?
False
Is ((-8)/6)/(2/(-1167)) a prime number?
False
Suppose -15 = -5*n, -2*n = -0*i + 2*i - 42. Suppose -4*q + s = -0*q - i, 12 = 4*q + 2*s. Is (-92)/(-1) - (q - 5) prime?
False
Let j be -8 + 0 + -3 + 6. Let n(o) = o**3 + 8*o**2 + 6*o + 1. Let h be n(j). Let z = 104 - h. Is z a prime number?
False
Suppose c = -3*t - 2 - 14, 0 = -5*t - 2*c - 28. Let a be (-312)/(-32) - 1/t. Is (-15)/6*(-316)/a a composite number?
False
Suppose -z + 4*v - 385 = -1035, 3 = -v. Let f = z + 115. Is f a composite number?
True
Let c = 6518 + -2529. Is c prime?
True
Suppose -z + 2*z + 4*u = 20, -16 = -z - 3*u. Suppose -4*c + w + 363 = -z*w, w + 286 = 3*c. Is c a prime number?
True
Let t(o) = -o**2 - 9*o - 10. Let m be t(-7). Suppose -m*u - 2 = -5*u. Is (-382)/3*(-3)/u a prime number?
True
Let h(o) = -11098*o - 67. Is h(-1) prime?
False
Let s = 20 - 35. Let h be 1/((-5)/s*-3). Is 206/8 - h/4 a prime number?
False
Suppose 5*p - 14 = -49. Let a = 10 + p. Suppose 0 = -4*k + a*k + 94. Is k prime?
False
Let g(c) = 31*c + 359*c - 141*c + 1 + 460*c. Let h be g(-1). Let r = h + 1627. Is r prime?
True
Let y(b) = -29*b + 17. Let f be y(7). Let j = 523 + -840. Let g = f - j. Is g a prime number?
True
Let l(x) = -x**3 + 47*x**2 + 96*x + 109. Is l(47) a prime number?
True
Let g = -14 - -6. Let w be (146/(-4))/(4/g). Suppose 4*i = y + w + 12, -2*i - 2*y = -40. Is i a composite number?
True
Is (-11 + (-46)/(-4))/((-1)/(-1798)) prime?
False
Let c = 6386 - 2727. Is c a composite number?
False
Let h = -26 + 3475. Is h a composite number?
False
Is 5271 + 5/((-1 - -2) + -2) a prime number?
False
Let o be (-2)/3 + (-17)/(-3). Suppose 4*z = o*f - 2241, z + 2*z + 12 = 0. Is f composite?
True
Let x(c) = c**3 + 3*c**2 - 3*c + 4. Let o be x(-4). Suppose o = -z + 11 - 6. Suppose 0 = -5*y + 2*g + 119, 0*y - 5*g - 125 = -z*y. Is y a prime number?
True
Let w be (-2)/((0 - 4)/(-16)). Let y(q) = -3*q**3 - 2*q**2 - 15*q - 47. Is y(w) a composite number?
False
Suppose 3*x - 3*k - 11 = 1, -3*k = 4*x - 2. Suppose 0*a - 314 = -2*z + 3*a, -2*z + 310 = -x*a. Let o = 738 - z. Is o a prime number?
True
Suppose 5*q + 4 = h, 4*h - 1 = -3*q - 8. Let g be q*2/(-2)*-1. Is (-955)/g*2/10 a prime number?
True
Let p be 3/(-2)*(5 - 191). Let m = p + -74. Is m a composite number?
True
Let f = 97 - -3006. Is f a composite number?
True
Let k(o) = -o**2 + 6*o - 4. Let g be k(4). Let u(d) = 6*d + 1 - 11*d**3 - 5 - g*d + 3. Is u(-2) a prime number?
True
Is 28489 + 9 + (1 - 16)/3 a composite number?
False
Suppose 44*h - 211065 + 57901 = 0. Is h composite?
True
Suppose -18*b + 39164 = -26410. Is b prime?
True
Suppose -2*o + 1062 = o. Let g = 647 - o. Is g composite?
False
Suppose -2*c = -4*a - 200, -244 - 168 = -4*c + 4*a. Let n = c - 27. Is n prime?
True
Let s = 396 - 170. Suppose 9*w - 12*w + 6 = 0. Suppose w*q + 0*q = s. Is q prime?
True
Let u(d) = -d**3 - 10*d**2 - 11*d - 12. Let h = 10 + -19. Let a be u(h). Suppose c = a*c - 895. Is c a prime number?
True
Suppose 5*n + 1707 - 10507 = 0. Let y be ((-4)/(-6))/((-8)/10236). Let a = n + y. Is a prime?
True
Suppose 9*g - 42060 = -3*g. Is g a composite number?
True
Suppose -13*v = 2*v - 78915. Is v a prime number?
True
Suppose -16*z = -306883 - 1395981. Is z a prime number?
False
Let f be (-72)/(-20) + (-4)/(-10). Let g = 1 + f. Suppose 1187 = 5*v + 4*w, g*v = -5*w + 188 + 1002. Is v prime?
False
Let q(u) = -118*u + 751. Is q(-15) a composite number?
False
Let i = -587 - -1494. Is i composite?
False
Let m be (-11)/5 - (-4)/20. Let u = 0 - m. Suppose 4*h = -u*c + 30, -c + 2*c - 23 = 2*h. Is c composite?
False
Suppose 0*v + 3*v + 3299 = 5*m, 0 = -2*m - 3*v + 1307. Suppose -m + 62 = -4*t. Suppose t = 3*k - 52. Is k prime?
True
Suppose j - 2 = 3. Let v be j*(-7)/((-70)/16). Is ((-182)/v)/((-1)/4) a composite number?
True
Suppose 493 + 826 = o. Let f = o + -112. Suppose -2*l - 173 = -f. Is l composite?
True
Suppose -9*s + 5*s = -2244. Suppose -3*c = 3, i + 3*c - 2*c = s. Is i prime?
False
Let k(w) = -227*w + 11. Is k(-10) a prime number?
True
Suppose -17*n + 6*n = -110. Is (436/n)/((-8)/(-20)) composite?
False
Let u = 1732 - 986. Is u a prime number?
False
Let i(t) = t**3 + 4*t**2 + 6*t - 1. Let j(g) = -3*g - 3*g**2 - 2*g**3 - 3*g - 3*g**2 + g**2. Let h(q) = -3*i(q) - 2*j(q). Is h(4) composite?
False
Let d be 7/21*0/2. Suppose 5*w - 2*w = -3*r - 6, d = -w + 2*r + 4. Suppose w = 5*v + 2*n - 739, -3*n - 1 = 8. Is v a prime number?
True
Suppose 3*d = -9, -3121 = -b + 5*d - d. Is b prime?
True
Let f(o) = -2696*o - 293. Is f(-11) prime?
True
Suppose g = -2*q + 8, -4*g + 4*q = -9*g + 46. Suppose -2*i + 2059 = -2*d + 5961, -5*i = g. Is d prime?
True
Suppose 2*w - 5 = 7. Suppose 0 = -w*z + 8619 + 591. Is z prime?
False
Suppose -2*g + 14 = 26. Is 4 - -6*(-327)/g a composite number?
False
Let n(p) be the third derivative of -p**6/120 + p**5/15 - p**4/24 + p**3 + 2*p**2. Let j be n(4). Suppose -j*y = 5*r - r - 358, -716 = -4*y + 2*r. Is y prime?
True
Let a(v) = v**2 + 6*v + 8. Let j be a(-5). Suppose -6354 = -5*m - j*w + 1916, -2*w = 2*m - 3304. Is m prime?
True
Is ((-1)/6)/((-63)/7431858) composite?
False
Let u(y) be the second derivative of y**5/10 - 11*y**4/12 + 5*y**3/6 + 9*y**2/2 + 40*y. Suppose j + 2 = -0*j + 3*h, -3*h + 16 = j. Is u(j) a prime number?
True
Suppose -21*t + 114958 = -51635. Is t a composite number?
False
Let s = 14 - 9. Suppose -890 - 565 = -s*t. Is t composite?
True
Let m = -9 - -7. Suppose 7*h + 5*h = 36. Is (-1338)/4*m/h prime?
True
Let k be (-2)/(-3)*105/14. Suppose k*n - 2*l - 4769 = -0*l, n - 3*l - 959 = 0. Is n prime?
True
Let q(n) be the second derivative of -n**3/3 - 5*n**2 + 15*n. Suppose 2*u = 2*m + 6*u + 20, 3*u - 13 = 2*m. Is q(m) composite?
True
Suppose -m - 21 = -3*c - 0*c, 0 = -3*m + 5*c - 51. Let f be ((-4)/(-3))/((-1)/m). Suppose h - 187 = f. Is h a prime number?
False
Suppose 3*t + 90 = 5*t. Suppose 1114 - t = w. Is w composite?
False
Let p(d) = 6566*d + 101. Is p(3) a prime number?
False
Let h = -51926 - -91233. Is h composite?
True
Suppose -6*n + 3952 = 35656. Is (-196)/49 - (0 + 1 + n) composite?
False
Let o(q) = 447*q**2 + 5*q - 4. Let y be o(1). Suppose -667 = -5*p + y. Is p composite?
False
Let p = 1201 - -1676. Suppose 31*n - p = 28*n. Is n composite?
True
Suppose -147 = -7*t + 4*t. Let p be 303/7 - 14/t. Let l = -10 + p. Is l composite?
True
Suppose -2002 - 36599 = -9*w. Is w composite?
False
Suppose -t = n - 4, -n + 2*t - 1 = 1. Suppose -n*d = -0*l + l + 2, 2*l = 4*d + 12. Suppose -53 - 158 = -5*c - 4*u, -l*u + 170 = 4*c. Is c a prime number?
True
Suppose t - 1731 - 2502 = 0. Let a = -2836 + t. Is a a composite number?
True
Let u(d) = -27 + 16*d**2 - 13*d**2 + 5*d**2 + 8. Is u(-6) a prime number?
True
Let c be (-1 + 1)*((-6)/(-2) - 2). Suppose c*u - 1253 = -7*u. Is u a composite number?
False
Is 3004/2*(-1)/(-2) a composite number?
False
Let p(m) = 23*m**3 + 4*m**2 + 2*m + 17. Is p(6) composite?
True
Let g(a) = 15*a + 7. Let w(c) = c**2 - c + 12. Let b be w(5). Suppose -8 = -n - 3*k, 4*k = 4*n + 3*k - b. Is g(n) a composite number?
False
Let z = 12 - 7. Suppose -z*o = -n + 527 - 2092, 0 = 3*o - 2*n - 932. Let g = 473 - o. Is g a prime number?
False
Let i(o) = -o + 1. Let h(b) = 54*b**2 - 6*b + 7. Let t(d) = h(d) - 4*i(d). Let c be (-3 - (1 - 3)) + -1. Is t(c) prime?
True
Let t = 671 - -141. Suppose -435 = y - 2*x, 3*y + 1323 = -0*y - 3*x. Let n = y + t. Is n a prime number?
True
Let u = -105 - -1359. Suppose -u = -j + 439. Is j composite?
False
Let r be 0 + -2 - 0/1. Is 1055 - ((r - 2) + 4) a composite number?
True
Let s(q) = q**3 - 4*q**2 + q + 4. Let m(h) = h**2 + 6*h + 4. Let k be m(-6). Let d be s(k). Is ((-2)/(-3))/(d/276) composite?
False
Suppose 4*a + 0*a = 12. Suppose -a*o + 4*p + 30 = 0, -3*o - 4*p + 15 = -3*p. Suppose 2*d + 2 = q, 5*d - o = 4. Is q a prime number?
False
Let l = 157 + -92. Suppose 2019 - l = 2*v. Is v a composite number?
Fal